 is -10 (base 7) in base 15?
-7
-11 (base 7) to base 6
-12
43 (base 16) to base 5
232
Convert -14 (base 11) to base 4.
-33
Convert -1111 (base 2) to base 7.
-21
-a (base 14) to base 9
-11
Convert 121 (base 4) to base 9.
27
Convert -66 (base 7) to base 15.
-33
Convert 3 (base 10) to base 5.
3
Convert -12102 (base 3) to base 13.
-b3
Convert 4 (base 11) to base 4.
10
Convert -3 (base 7) to base 9.
-3
What is 18 (base 13) in base 14?
17
-6 (base 16) to base 7
-6
What is 7 (base 14) in base 6?
11
-3 (base 12) to base 5
-3
Convert -24 (base 16) to base 11.
-33
What is -1 (base 4) in base 14?
-1
Convert -6 (base 8) to base 13.
-6
What is 3 (base 4) in base 11?
3
Convert 1 (base 13) to base 14.
1
Convert -2 (base 8) to base 15.
-2
-2112 (base 3) to base 15
-48
What is 7 (base 13) in base 7?
10
What is 8a (base 12) in base 6?
254
What is 107 (base 8) in base 3?
2122
Convert -37 (base 14) to base 4.
-301
Convert 101010 (base 2) to base 5.
132
Convert -11 (base 3) to base 13.
-4
What is -3 (base 15) in base 16?
-3
-2 (base 14) to base 2
-10
-22 (base 15) to base 10
-32
123 (base 4) to base 16
1b
Convert 1 (base 15) to base 10.
1
-2 (base 11) to base 4
-2
20 (base 6) to base 5
22
Convert 36 (base 7) to base 6.
43
Convert 63 (base 9) to base 6.
133
Convert 10 (base 4) to base 15.
4
Convert -1 (base 3) to base 14.
-1
Convert -3 (base 15) to base 12.
-3
Convert 1 (base 14) to base 4.
1
-8 (base 15) to base 14
-8
Convert 36 (base 10) to base 5.
121
What is -2 (base 14) in base 6?
-2
What is -5 (base 14) in base 3?
-12
1211 (base 3) to base 12
41
What is 6b (base 12) in base 4?
1103
What is 32 (base 5) in base 16?
11
What is -9b (base 16) in base 8?
-233
4 (base 7) to base 8
4
-5 (base 11) to base 6
-5
Convert 1001 (base 3) to base 9.
31
What is a (base 14) in base 2?
1010
Convert 5 (base 11) to base 2.
101
Convert -4 (base 16) to base 9.
-4
What is 77 (base 10) in base 11?
70
Convert 10 (base 5) to base 9.
5
Convert 10000 (base 2) to base 9.
17
Convert -2 (base 14) to base 15.
-2
2 (base 8) to base 9
2
What is -11 (base 11) in base 10?
-12
What is 2 (base 11) in base 16?
2
134 (base 7) to base 8
112
What is 0 (base 12) in base 16?
0
What is -219 (base 11) in base 2?
-100000110
What is 12 (base 4) in base 6?
10
-10111001 (base 2) to base 5
-1220
What is 2 (base 6) in base 8?
2
What is 16 (base 10) in base 14?
12
What is -12 (base 4) in base 3?
-20
Convert -3 (base 15) to base 10.
-3
Convert 0 (base 15) to base 9.
0
What is -4 (base 9) in base 14?
-4
What is -1 (base 2) in base 10?
-1
-12 (base 12) to base 6
-22
What is -5 (base 16) in base 4?
-11
79 (base 14) to base 10
107
What is -3 (base 13) in base 3?
-10
4 (base 14) to base 2
100
Convert 87 (base 11) to base 16.
5f
Convert -221 (base 4) to base 3.
-1112
Convert -4 (base 13) to base 14.
-4
3 (base 7) to base 9
3
What is 111 (base 2) in base 5?
12
11 (base 13) to base 12
12
What is -1 (base 9) in base 4?
-1
-124 (base 6) to base 2
-110100
-111 (base 2) to base 7
-10
What is 1001000 (base 2) in base 7?
132
What is -11 (base 7) in base 16?
-8
0 (base 10) to base 11
0
-10 (base 6) to base 5
-11
11101 (base 2) to base 11
27
0 (base 16) to base 13
0
What is 3 (base 11) in base 10?
3
What is 6 (base 10) in base 3?
20
What is 11001001 (base 2) in base 8?
311
What is -20 (base 9) in base 5?
-33
-1 (base 16) to base 6
-1
What is -451 (base 8) in base 10?
-297
What is -1220 (base 5) in base 14?
-d3
What is 40 (base 6) in base 8?
30
What is -a (base 16) in base 9?
-11
What is -1 (base 9) in base 5?
-1
-17 (base 14) to base 7
-30
-3 (base 5) to base 14
-3
What is 3 (base 5) in base 13?
3
Convert 1 (base 2) to base 10.
1
What is -3232 (base 4) in base 8?
-356
Convert -54 (base 10) to base 9.
-60
-21 (base 7) to base 10
-15
Convert -5 (base 13) to base 11.
-5
What is -1 (base 12) in base 7?
-1
What is 1 (base 10) in base 14?
1
What is 29 (base 14) in base 2?
100101
-2 (base 16) to base 4
-2
What is 7 (base 12) in base 9?
7
Convert 1 (base 7) to base 10.
1
Convert 44 (base 7) to base 5.
112
What is 10 (base 11) in base 9?
12
What is -1 (base 10) in base 11?
-1
-10100000 (base 2) to base 10
-160
Convert -6 (base 16) to base 3.
-20
What is -32 (base 15) in base 12?
-3b
What is -3 (base 5) in base 14?
-3
What is 222 (base 3) in base 15?
1b
-3 (base 15) to base 8
-3
-10 (base 15) to base 8
-17
-52 (base 13) to base 16
-43
What is 40 (base 12) in base 3?
1210
What is 37 (base 11) in base 4?
220
Convert 11 (base 7) to base 16.
8
Convert 12 (base 6) to base 4.
20
Convert -37 (base 11) to base 6.
-104
What is -112 (base 3) in base 12?
-12
What is -6 (base 14) in base 8?
-6
Convert -30 (base 9) to base 3.
-1000
3 (base 10) to base 11
3
-10110 (base 2) to base 6
-34
What is 20 (base 3) in base 4?
12
What is -16 (base 13) in base 4?
-103
-250 (base 8) to base 13
-cc
Convert -102 (base 9) to base 12.
-6b
Convert -7 (base 8) to base 13.
-7
What is 6 (base 13) in base 16?
6
What is 0 (base 10) in base 15?
0
Convert -9 (base 13) to base 4.
-21
Convert 1 (base 12) to base 10.
1
Convert -1 (base 16) to base 3.
-1
Convert -144 (base 6) to base 9.
-71
3 (base 8) to base 13
3
2 (base 11) to base 15
2
0 (base 11) to base 16
0
Convert -258 (base 10) to base 8.
-402
-5 (base 9) to base 11
-5
a (base 16) to base 3
101
-42 (base 5) to base 13
-19
What is -1211 (base 3) in base 2?
-110001
Convert -cd (base 16) to base 10.
-205
Convert 332 (base 4) to base 14.
46
221 (base 11) to base 12
1a1
Convert 8 (base 9) to base 2.
1000
Convert 3 (base 16) to base 14.
3
What is -8 (base 10) in base 2?
-1000
Convert 10 (base 3) to base 12.
3
Convert 161 (base 13) to base 12.
188
Convert -22 (base 8) to base 12.
-16
What is 4b (base 14) in base 9?
74
What is 9a (base 13) in base 14?
91
-102 (base 5) to base 9
-30
16 (base 7) to base 11
12
Convert -21 (base 15) to base 9.
-34
Convert -324 (base 6) to base 10.
-124
What is 3 (base 14) in base 16?
3
Convert -11 (base 3) to base 14.
-4
What is -100 (base 8) in base 15?
-44
Convert -47 (base 14) to base 8.
-77
e (base 16) to base 2
1110
What is 13 (base 16) in base 15?
14
What is -23 (base 4) in base 10?
-11
Convert -13 (base 7) to base 8.
-12
Convert 300 (base 4) to base 5.
143
0 (base 13) to base 15
0
What is -3 (base 4) in base 12?
-3
What is 1111 (base 3) in base 16?
28
What is -1 (base 3) in base 9?
-1
Convert 36 (base 10) to base 9.
40
What is -220 (base 6) in base 4?
-1110
8 (base 15) to base 7
11
What is -4 (base 6) in base 8?
-4
1123 (base 4) to base 12
77
What is 3 (base 7) in base 12?
3
1000000 (base 2) to base 3
2101
2 (base 14) to base 9
2
What is -14 (base 8) in base 4?
-30
1a (base 12) to base 8
26
What is 4 (base 16) in base 7?
4
Convert 20 (base 8) to base 12.
14
Convert 2 (base 8) to base 10.
2
Convert 1 (base 10) to base 4.
1
11 (base 14) to base 12
13
3b (base 15) to base 6
132
-1000 (base 2) to base 7
-11
Convert 3 (base 16) to base 12.
3
What is 4b (base 12) in base 14?
43
10 (base 3) to base 4
3
180 (base 12) to base 3
22220
Convert 220 (base 6) to base 10.
84
Convert -25 (base 15) to base 6.
-55
What is -10 (base 6) in base 2?
-110
-100 (base 2) to base 11
-4
3 (base 8) to base 15
3
27 (base 15) to base 11
34
Convert -36 (base 8) to base 5.
-110
-3 (base 8) to base 6
-3
What is -22 (base 4) in base 15?
-a
Convert -4 (base 13) to base 7.
-4
Convert -3 (base 9) to base 4.
-3
Convert 10 (base 7) to base 16.
7
2101 (base 4) to base 11
122
15 (base 7) to base 9
13
Convert 14 (base 5) to base 10.
9
Convert 12 (base 4) to base 7.
6
What is -12 (base 8) in base 4?
-22
Convert 11 (base 2) to base 11.
3
Convert b4 (base 13) to base 3.
12110
What is 30 (base 15) in base 8?
55
Convert 111 (base 8) to base 4.
1021
What is 33 (base 11) in base 5?
121
-1 (base 13) to base 2
-1
Convert 10 (base 2) to base 10.
2
7 (base 11) to base 7
10
What is 121 (base 3) in base 12?
14
Convert 1a7 (base 11) to base 9.
284
8 (base 13) to base 10
8
-2 (base 14) to base 4
-2
Convert -7 (base 8) to base 2.
-111
-1 (base 15) to base 12
-1
What is 10 (base 2) in base 5?
2
What is -1 (base 15) in base 5?
-1
Convert 1010 (base 2) to base 4.
22
Convert 3 (base 7) to base 14.
3
2 (base 13) to base 11
2
Convert 36 (base 10) to base 2.
100100
6 (base 11) to base 16
6
What is -1 (base 13) in base 16?
-1
434 (base 5) to base 11
a9
